ose -4*r = 10 - 2, 3*r + 7 = -a. Let u be (3/2)/(a/(-8)). Calculate the highest common factor of u and i.
12
Let d = 103 + -6. Suppose 19*t - 93*t = 28*t + 113*t - 62565. Calculate the highest common factor of d and t.
97
Let i(n) = 24*n + 128. Let w be i(-5). Suppose 0 = -3*b - 5*f + 58, -5*f - w = -b - 2. Calculate the greatest common divisor of 184 and b.
8
Let l = 14611 - 14490. Calculate the highest common divisor of l and 2123.
11
Let f(q) = -91*q + 297. Let l be f(3). Let m(k) = -k**2 - 11*k + 6. Let x be m(-11). What is the greatest common divisor of l and x?
6
Suppose 0 = -4*n - c + 76151, n - 2*c = 2*c + 19059. What is the greatest common factor of 79 and n?
79
Suppose 2*l - 100 = -102. Let k be (-21*1)/((l/13)/1). Calculate the greatest common divisor of k and 21.
21
Suppose -2*u + 6*u = 48. Let r be 27/u*((-8)/3)/1. Let c be -3 + 3*-13*2/r. What is the highest common divisor of 4 and c?
2
Let z be 20/9 - ((-830)/(-90) + -9). Suppose 4*u = z*n - 60, 0 = -5*n + n + u + 141. What is the greatest common factor of n and 48?
12
Suppose 2*b - 1448 = -5*z, -30*z + 25*z + b + 1436 = 0. Calculate the greatest common factor of z and 135.
9
Suppose -1002*i - 39 = -1001*i. Let o be (-26)/(-169) + 3/(i/(-115)). What is the greatest common divisor of o and 150?
3
Let d be (-240)/(-72) + (-6870)/(-45). What is the highest common divisor of d and 12051?
39
Suppose 0 = -5*z - 2*f + 3778, -5*z + 43*f = 47*f - 3776. What is the highest common divisor of 2592 and z?
108
Suppose -10*t = 1853 - 3203. Calculate the greatest common factor of 26190 and t.
135
Suppose 0 = 4*k - 8. Suppose k*o - i - 41 = 202, i = 4*o - 485. Suppose -2*b + 3*b = o. What is the highest common factor of b and 11?
11
Let v = -35 + 66. Suppose -2*y = -4*g + 618, -4*g + 135 = -5*y - 480. Calculate the greatest common factor of v and g.
31
Let r be 25*8/(((-10)/(-11))/((-8)/(-2))). What is the greatest common divisor of 1265 and r?
55
Let r = -2 + 10. Suppose -11895 = 5*z - 8*n + 11*n, 0 = -3*z + 4*n - 7108. Let k be z/(-300) - (-2)/25. What is the highest common divisor of k and r?
8
Let f = 65 - 31. Suppose 3*d + y - 9 = -2*y, 3*y = -2*d + 5. Suppose d*b + 0*b - 204 = -4*o, -5*b - 255 = -5*o. What is the highest common divisor of f and o?
17
Let m(x) = -x**2 - x. Let y be m(-2). Let h be ((-64)/(-20))/(y/(-25)). Suppose 0 = 4*c + 16 - h. What is the greatest common factor of c and 66?
6
Suppose -3920 = -3*z - 37*z. What is the greatest common divisor of z and 2?
2
Let o = 5020 - 4834. Calculate the highest common divisor of 4557 and o.
93
Let o(j) = -2*j**3 - 40*j**2 - 6*j - 39. Suppose -25*p - 612 = -112. Let v be o(p). Calculate the highest common divisor of v and 18.
9
Let i be 2/(-7) + ((-8560)/56)/(-10). Suppose -55 = -z - 5*f, -3*z + 2*f + 2*f = -70. Calculate the highest common factor of z and i.
15
Let h = -172 - -180. Suppose -h*f + 11*f + 111 = 3*r, 0 = r + 5*f - 43. Calculate the greatest common factor of 38 and r.
38
Suppose 80*m - m - 4*m = 136275. What is the greatest common divisor of m and 79?
79
Let c be 2/(-17) + (-756)/(-357). Suppose -n + c*f = 3 - 21, -39 = -3*n + f. Calculate the highest common factor of 192 and n.
12
Let p = 790 + -785. Let f(z) = 3*z + 0*z**2 - z**3 - 2*z**2 + 4 - z**2 + 2*z**2. Let k be f(-4). Calculate the highest common divisor of p and k.
5
Let q(c) = 47*c**2 + 460*c + 20. Let p be q(-10). Calculate the greatest common divisor of p and 4120.
40
Let d(g) = 2*g**3 - 4*g**2 + 2*g - 4. Let i be d(3). Let k be -2*(8/(-28) - (-761)/(-7)). Let l = k - 78. Calculate the highest common divisor of i and l.
20
Let p(w) = w**2 + 15*w - 110. Let s be p(-21). Calculate the highest common divisor of 58 and s.
2
Let w be ((-67)/(-8))/(366/38064). Calculate the greatest common factor of w and 335.
67
Let r(c) = -8*c. Let k be r(-1). Let o be k/3*3/(-2)*5. Let d be (45/30)/((-3)/o). Calculate the greatest common divisor of d and 80.
10
Suppose -d - 5*b = -0*b - 11, -5*d - 3*b + 77 = 0. What is the highest common factor of d and 688?
16
Let t = -6 - -11. Let o(f) be the first derivative of f**3 - 5*f**2 - 10*f - 15. Let w be o(t). What is the highest common divisor of 165 and w?
15
Let k be 16/6*3/(-2). Let x(a) = 11*a**2 - 5*a - 6. Let t be x(k). Let o = 57549 - 57511. Calculate the highest common factor of t and o.
38
Let q = 1184 - 788. Let v be -2 - 15/(-9) - 48/(-9). Suppose 176 = v*c - c. Calculate the greatest common factor of c and q.
44
Let f = -2760 + 2763. Calculate the highest common divisor of 23 and f.
1
Let u be 34/(-255) + 392/15. Let d be ((-27)/27)/((-3)/1794). Calculate the highest common divisor of u and d.
26
Let q be -20*2*(-6)/8. Let o = 4 + q. Suppose 0 = -i + 143 + 95. What is the greatest common divisor of o and i?
34
Let t = -13557 - -13995. Calculate the greatest common divisor of 198 and t.
6
Let u = 3793 + -621. What is the highest common divisor of 52 and u?
52
Let q = -329 + 538. Let m = -162 + q. What is the greatest common factor of m and 2?
1
Suppose l - q = -l - 107, q = 5*l + 263. Let p = 64 + l. Calculate the highest common factor of 4 and p.
4
Let l(n) = -n**2 + 18*n + 630. Let i be l(-17). What is the greatest common divisor of 1715 and i?
35
Let v(y) = 349*y - 4524. Let t be v(13). Calculate the highest common divisor of 6773 and t.
13
Let k be (-3 + 3)/1 + 78. Suppose 0 = 3*f - 762*a + 760*a - 967, 0 = -4*f - a + 1304. What is the greatest common factor of k and f?
13
Let g be (177 - 182)*8/(-10). What is the highest common factor of g and 31?
1
Let s(t) = -3*t**3 - 327*t**2 - 2*t - 213. Let k be s(-109). What is the highest common factor of k and 1365?
5
Let u be 2350/(-10)*(36/(-10))/6. Calculate the greatest common divisor of 1034 and u.
47
Suppose 34*z + 3597 = -4597. Let h = z - -266. Calculate the greatest common divisor of 20 and h.
5
Let q(a) = -2*a**2 + 51*a + 96. Let t be q(0). What is the greatest common factor of t and 13344?
96
Let h = -110 + 116. Let m = -257 + 311. Calculate the highest common divisor of m and h.
6
Let h = -12 - -13. Let f be ((-10)/(-15))/((h/(-3))/(-1)). Let g be (3 - 4) + (1 + -2 - -12). Calculate the greatest common factor of f and g.
2
Suppose 0 = 8*l - 21*l + 429. Let p be (2 + 2 - 4)/(-2). Suppose p*x = x - l. What is the highest common divisor of x and 77?
11
Let g = -13017 + 13481. Calculate the highest common divisor of g and 1363.
29
Let o(d) = -353*d + 203. Let g be o(-4). What is the greatest common divisor of g and 340?
85
Let b be 2 + 0 + 3 + 0. Let o(a) = 43*a**2 + 2*a - 15. Let y be o(b). Suppose 0 = -9*j - y + 3590. What is the highest common divisor of 35 and j?
35
Suppose -3*f + 58 = f - 2*t, 4*t = 2*f - 14. Let b = f - -3. Let x = -18 + b. Calculate the highest common divisor of x and 8.
2
Suppose -b = -2*b + w - 117, 113 = -b + 5*w. Let y = -108 - b. What is the highest common divisor of 10 and y?
10
Let r = 292 - 290. Let j be (1 - r) + 49 + (5 - 9). What is the greatest common factor of j and 176?
44
Suppose 2*u + 0*t = 5*t - 1, 4*u - 13 = -5*t. What is the greatest common divisor of 1114 and u?
2
Suppose -10112 = -4*a + 2*h, -3*h + 15 = 3. Let j be (-8)/(-60) - a/(-150). What is the highest common divisor of j and 119?
17
Let d be (1/(-3) + 1)*(-17 + (-36113)/(-49)). Calculate the greatest common factor of d and 6560.
160
Suppose 0 = 3*p + 5*d + 22, -5*p - 3*d - 6 - 4 = 0. Let n(u) = -u**2 - 34*u + 139. Let h be n(-36). What is the highest common divisor of p and h?
1
Suppose -5*u = 3*f - 4417, -90*f + 85*f = -5*u - 7295. What is the greatest common divisor of f and 24?
24
Suppose -84 = 45*j - 39*j. Let f be 16864/217 + (-4)/j. Calculate the highest common divisor of f and 26.
26
Let l(s) = -9*s**2 + 42*s - 15. Let v be l(2). Let z = 3 + 1. Suppose 2*q + 914 = z*j, j - 5*j + 929 = q. Calculate the highest common factor of j and v.
33
Let q = -4844 + 4902. What is the greatest common factor of q and 6?
2
Let x be 13638/9 - 40/(-60). Let n = x - 942. What is the greatest common divisor of n and 14?
14
Let i be (-4)/(-20) - (-340)/50. Let d be -7*(-3 - -4) + 3. Let q be (35/(-20))/(d/112). Calculate the greatest common divisor of i and q.
7
Let f(s) = 4*s - 20. Let g be f(8). Suppose 6*i - g = 18. Suppose -240 = -i*a + 390. Calculate the greatest common fa